visor of 100 and s?
100
Suppose 2*o - 8 = 0, 2*f - 4*o + 2 = -2*o. Suppose 2*n - 6 = -h, -f*n = n. What is the highest common divisor of 6 and h?
6
Suppose u - 4*j = 300, -4*j - 924 = u - 4*u. Let q = -48 + u. Calculate the highest common divisor of 33 and q.
33
Suppose 11*p - 7*p + g - 955 = 0, 4*g = -5*p + 1180. What is the highest common divisor of 2280 and p?
120
Let n be 29/4 - 3/12. Let v be 3 + -1 + 0/((-4)/(-1)). Suppose w + v = 0, z + w - 2*w - 16 = 0. Calculate the highest common divisor of z and n.
7
Let p = 1785 - 1245. What is the greatest common factor of 216 and p?
108
Suppose -2*t + 10 = 3*g, 4*t - 3*g = -g + 36. Suppose 4*w + t = 6*w. What is the highest common factor of 16 and w?
4
Let s be ((805/10)/(-7))/(3/(-24)). What is the greatest common factor of s and 69?
23
Suppose -13*j + 3366 = 714. What is the highest common divisor of j and 12?
12
Suppose -259 = -g - 9*o + 12*o, -2*g + 516 = -4*o. Calculate the highest common divisor of 16 and g.
16
Suppose -2*j = 3*j + 3*a + 4, 4*a = 5*j - 17. Let c = 118 - 84. Let f = -25 + c. Calculate the greatest common divisor of j and f.
1
Suppose -5*s = 30 + 170. Let p(j) = 9*j**2 + 36*j + 5. Let w be p(-4). Let u = w - s. What is the highest common divisor of 18 and u?
9
Let b(d) = -44*d**2 - d + 2. Let u be b(1). Let t = u + 59. Calculate the highest common factor of 160 and t.
16
Let z be (3 - 3 - 9)/(-2 + 1). Let t be (3/(-6))/(1/(-18)). What is the greatest common factor of z and t?
9
Let z(a) be the third derivative of -2*a**4/3 - 2*a**3/3 - 2*a**2. Let m be z(-4). Let u be 0 - (-3 - m) - -3. What is the greatest common divisor of 6 and u?
6
Let i(o) = 3*o**2 - 27*o + 110. Let u be i(4). What is the greatest common divisor of 125 and u?
25
Let o = 386 + -290. Calculate the highest common divisor of o and 84.
12
Suppose 38 = -p + 86. Calculate the greatest common factor of p and 36.
12
Let p = -1394 - -1448. Calculate the greatest common factor of p and 153.
9
Let r(g) = 2*g - 22. Let s be r(9). Let a be (-104)/(-6)*(-6)/(s - -3). What is the greatest common divisor of a and 78?
26
Let k = -125 - -127. Let u be 2/5 + (-16)/(-10). Suppose -u = -k*d + 18. Calculate the greatest common factor of 20 and d.
10
Let m be 3484/3 - (-2)/3. Suppose -311 + 7253 = 6*o. Suppose 0 = -g + 5*g - 2*f - m, -4*g + f + o = 0. What is the greatest common factor of 32 and g?
32
Let j(d) = d**3 + 4*d**2 - 14*d + 2. Let g be j(-6). What is the greatest common factor of g and 42?
14
Suppose v - 1 = -3*t, 36*t = 3*v + 40*t - 8. What is the greatest common factor of 392 and v?
4
Let b be 23/2 + 4/(-8). Let g(h) = 9*h**2 - 3. Let v(t) = 3*t + 22. Let k be v(-8). Let y be g(k). What is the greatest common factor of y and b?
11
Let d = -41 + 52. Suppose 2*a + 4*s - 14 = 0, 0 = 2*a + s + 4*s - 12. What is the greatest common factor of a and d?
11
Let y = 25 + -1. Let a = y - -11. What is the highest common divisor of a and 14?
7
Let g be (4/(-3))/(-2) - (-952)/3. Suppose -g = -9*q + 348. What is the highest common divisor of q and 111?
37
Let a(b) = -2*b**2 - 17*b - 6. Let p be a(-6). Let s be p - (4 - (-1 + 0)). Calculate the greatest common divisor of s and 133.
19
Suppose -53*c - 36 + 990 = 0. Suppose 4*t + 0*t - 792 = 0. What is the greatest common divisor of t and c?
18
Suppose 0 = -13*r + 254 + 162. What is the greatest common divisor of 256 and r?
32
Suppose 3*n + 5*j - 19 = -57, -49 = 4*n + 5*j. Let v = -1 - n. Let y = -72 + 102. What is the greatest common factor of v and y?
10
Let o(f) = f**2 - 3*f - 1. Let b be o(-2). Suppose -4*a - 576 = -8*a. What is the highest common factor of b and a?
9
Let w(f) = f**3 + 11*f**2 + 8*f - 16. Let p be w(-9). Let r = p - 44. What is the highest common factor of r and 12?
6
Let d be 2/9 - (1166/(-9))/2. Let u(r) = -12*r**3 + 2*r**2 + 2*r + 1. Let y be u(-1). What is the greatest common divisor of d and y?
13
Let p = 12 - 6. Let m = 193 + -91. What is the greatest common divisor of m and p?
6
Let h(r) = -21*r**3 - 2*r**2 - 4*r - 3. Let z be h(-1). What is the highest common factor of z and 108?
4
Suppose w + 40 = 807. Calculate the greatest common factor of 59 and w.
59
Let k(o) = -o**3 - 6*o**2 - 4*o + 6. Let a be k(-5). Let s be (1 + 2 + a)/(1/4). Calculate the highest common divisor of s and 8.
8
Let b be (1 - (-230)/4) + (-3)/(-6). Suppose 4*h + 5*k - 22 = 0, 5*h - b = 2*k - 15. What is the highest common factor of h and 4?
4
Suppose -2*k - 3*k - 165 = 0. Let g = 7 - k. What is the greatest common factor of g and 20?
20
Suppose 2 = -5*u + 27. Suppose 0*i - u*x = -2*i + 24, 2*x = 3*i - 58. What is the greatest common factor of i and 11?
11
Let l(y) = -y**3 + 4*y**2 + 7*y - 4. Let p be l(5). Suppose -p*u = -u - 3*f - 62, 0 = -3*f + 3. Calculate the highest common divisor of u and 52.
13
Suppose -26*c - 72 = -27*c. Calculate the highest common divisor of 90 and c.
18
Let n = 18 + -6. Suppose -4*o = -r - 3*o + 4, -6 = 3*o. Suppose -r*g + 1 = -5. What is the greatest common divisor of n and g?
3
Let q(d) = -15*d**3 - d**2 + d + 1. Let m be q(-1). Let j be -3 - 11/(-4) - (-285)/20. Calculate the greatest common divisor of j and m.
14
Suppose -4*i + 13 = -3. Let y be ((-108)/(-15))/(26/20 + -1). Calculate the highest common divisor of y and i.
4
Suppose 4 = -2*v, l - 3*v = -3*l + 494. Suppose 2*f + l = 3*f. Suppose -5*c + 66 = 2*o, -4*o = 4*c + c - f. What is the greatest common factor of o and 7?
7
Suppose -4*l + 5*v = -16, -5*l - 7*v + 61 = -3*v. Suppose -f + 12 = 3*f. Let o be 4/f + (1664/12)/4. What is the greatest common divisor of l and o?
9
Let y = 416 - 299. What is the greatest common factor of y and 13?
13
Suppose -12*h = 124 - 256. Calculate the greatest common factor of h and 3.
1
Suppose k = 5 - 1. Let i(a) = -a**2 - 5*a - 2. Let q be i(-4). Calculate the highest common divisor of k and q.
2
Suppose 8*g = -y + 12*g + 14, 0 = 5*y + 5*g - 95. Let k = 106 + -16. What is the greatest common divisor of k and y?
18
Suppose 0 = 3*u - 0*u - 2*y - 75, 0 = -u - 5*y + 25. Let v = -254 + 304. Calculate the highest common factor of v and u.
25
Let y = 13 - -67. Calculate the highest common factor of y and 16.
16
Let k = 12 + -7. Suppose 0 = -3*c - 2*h + 157, -5*c + 270 = 4*h + h. Suppose -k*z + 6 = -c. Calculate the highest common divisor of 88 and z.
11
Let l be 3*20/(-15) + 28. Suppose l = o + 2*o. Suppose -7 = -5*z - 2. What is the greatest common factor of o and z?
1
Suppose 315 = -29*w + 36*w. Calculate the greatest common divisor of 20 and w.
5
Suppose -m = 2*m + 282. Let f = m + 128. What is the greatest common divisor of f and 85?
17
Let w be (-1)/((-2)/(-12)*-2). Suppose -6*c + 15*c - 9 = 0. Calculate the greatest common factor of c and w.
1
Suppose 5*m = -66 - 159. Let l = m - -49. Calculate the greatest common divisor of 10 and l.
2
Suppose 4*c - 175 - 69 = 0. Suppose -5*h + c + 254 = 0. Let w be 5/((-5)/2) - -11. Calculate the highest common divisor of h and w.
9
Let j(n) = -5*n + 129. Let r be j(13). Let g = -11 - -47. Suppose 2*t + 4*d = g, d - 2 + 1 = 0. Calculate the greatest common factor of t and r.
16
Let a be (9/12)/((7/(-80))/(-7)). Calculate the greatest common divisor of a and 60.
60
Suppose -c + 4*j + 3 = 16, 4*c = -4*j + 28. Suppose f + c*f - 16 = 0. Suppose f*b - 2*b - 12 = 0. What is the greatest common divisor of b and 24?
6
Let w = -55 + 90. Let t be 0/(2 - (3 - 0)). Suppose -3*s + z + 51 = 4*z, -2*z + 6 = t. What is the highest common factor of s and w?
7
Let s = -4 + 8. Suppose -m - 4*h + 58 = 0, 0*h + 202 = 4*m + h. Suppose -s*v = -6*v + m. What is the greatest common divisor of v and 5?
5
Let w be 12 + 0*5/(-20). What is the highest common factor of 240 and w?
12
Let f(q) = -q. Let b be f(-3). Suppose 3*r + b*v - 4 = 41, 5*v = -r + 3. Suppose 103 = -6*y + 427. What is the highest common factor of y and r?
18
Let p(z) = -9*z**3 + 4*z**2 + 18*z + 27. Let q be p(-2). Calculate the highest common factor of 316 and q.
79
Let h(y) = -y**2 - 4*y - 5 - 1 + 6 + 5. Let a be h(-5). Suppose a = 3*b - 160 - 140. What is the highest common factor of 20 and b?
20
Let x be (-29)/(-8) + 69/184. What is the greatest common divisor of x and 172?
4
Let p = 13 + -13. Suppose 5*u - 28 - 22 = p. Suppose -u = -3*l + l. What is the highest common factor of 20